) = -7*t + 2. Let w(g) = 8*g - 2. Let a(y) = 6*p(y) + 5*w(y). Suppose 0 = 116*i - 115*i - 2. What is a(i)?
-2
Let j(r) = 4*r - 2. Let b(t) = 50*t - 8. Let q(v) = -b(v) + 12*j(v). What is q(11)?
-38
Let a(v) = -v**2 - 8*v + 16. Suppose 7*f + 36 + 34 = 0. Let r be a(f). Let z(u) = -u**3 - 4*u**2 + u + 4. What is z(r)?
0
Suppose -y + 99 - 92 = 0. Let l(o) = -2*o**2 + 15*o - 10. Give l(y).
-3
Suppose -2*q + 3*f - 19 = 0, -30 = 4*q - 4*f + 6*f. Let k(v) = -v**3 - 8*v**2 + 4. Calculate k(q).
4
Let m = -28 - -30. Suppose 0 = -5*v + j + 33, m*v = j + 9 + 3. Let l(s) = -s + 3. What is l(v)?
-4
Let v(z) be the third derivative of -z**4/8 - 2*z**3/3 + 856*z**2. Suppose 3*p - 36 = 5*x, 12 = p + x + 3*x. Suppose 3*i - p = 6*i. Give v(i).
8
Suppose 4*m = 4*b + 20, 4*b - 26*m + 10 = -24*m. Let l(a) be the third derivative of -a**6/120 - a**4/24 + 2*a**3 - 2*a**2. Give l(b).
12
Let v(t) = -2*t**2. Let n(y) = 66*y + 461. Let m be n(-7). Determine v(m).
-2
Let x(t) = t - 9. Suppose 0*o + 8 = o + 5*i, 4*i - 4 = 0. Suppose -12 = -s - 2*s + 5*p, -s = -5*p - 4. Suppose 0 = o*h - 8 - s. Determine x(h).
-5
Suppose 0 = -2*i + i + 2. Let s(g) = 180 + 210 - 2*g - 391 + 6*g**2. Determine s(i).
19
Let r(i) = 2*i**2 + 9*i + 12. Let j be r(-2). Let h(s) = 8*s - 3. Calculate h(j).
13
Let x be (-26)/6 - (8 + 140/(-15)). Let v(s) = 3*s + 19. Determine v(x).
10
Let o(z) = 4 + 4*z - 772*z**3 + 771*z**3 + 5*z**2 + 3*z - 3*z. Determine o(6).
-8
Let y(f) be the first derivative of -f**5/60 - f**4/24 + 10*f**3 + 7. Let d(k) be the third derivative of y(k). Determine d(-6).
11
Let k(x) = x**3 + 7*x**2 + 8*x + 5. Suppose -85*v + 97*v = -60. What is k(v)?
15
Let m(l) = -11*l**3 + 7*l**2 + 9*l - 5. Let i(y) = 9*y**3 - 6*y**2 - 8*y + 5. Let g(b) = 5*i(b) + 4*m(b). What is g(3)?
2
Let p(y) be the first derivative of 3*y**2/2 - 3*y - 24. Let m(a) = a**3 + 6*a**2 - 3. Let b be m(-6). Calculate p(b).
-12
Let r be ((-3)/(-6))/(1/8). Let b(j) be the second derivative of j**5/20 - 5*j**4/12 + 2*j**3/3 - j**2 - 44*j. Calculate b(r).
-2
Let h(s) = -s - 6. Suppose -3 = -2*i - 5. Let v be (17 + -17)*i/3. Calculate h(v).
-6
Let y(a) be the first derivative of 3*a**2/2 + 46*a + 249. Determine y(-14).
4
Let l(r) = 202 - 7*r - 195 + 8*r. Calculate l(-2).
5
Let a(q) = -q**3 - 5*q**2 - 2*q - 5. Let t = 1 - 5. Let r be (-6)/t*(-52)/6. Let p = 8 + r. Give a(p).
5
Let s(l) = l**2 + 3*l + 4. Let b(y) = -y**3 - y**2 - 3. Let w be 21/7 - 0/2. Suppose w*t = 5*m + 3, 3*m - 3*t = -t - 2. Let g be b(m). Determine s(g).
4
Let u(h) be the first derivative of h**2/2 - 10*h + 418. Give u(10).
0
Let z(x) be the first derivative of x**3/3 - 5*x**2/2 + x + 1. Let u = 28 - 16. Let k = -6 + u. Calculate z(k).
7
Let g be (-2)/1 - 0 - -6. Let q(j) = j**2 - 8*j + 1. Let v(k) = 2*k**2 - 15*k + 2. Let o(c) = 7*q(c) - 4*v(c). Give o(g).
-1
Let v(a) = a**3 + 5*a**2 + 2*a + 2. Let x be v(-4). Suppose -8 = -9*r + x. Let g(o) = 2 - 3*o**2 + 2*o - 2*o**2 + 0*o. What is g(r)?
-14
Let g(d) be the second derivative of -d**6/120 + d**5/12 + d**4/24 + d**3/6 + 39*d**2/2 - d. Let f(c) be the first derivative of g(c). Give f(5).
6
Suppose -5*p - 4*q - 4 = 0, -3*p - 3 = -q - 4. Let t(c) = -c + 4. Give t(p).
4
Let f(r) = 3*r**2 - 2. Suppose 63*a = 62*a - 2. Calculate f(a).
10
Let q(b) = -b - 3. Let c(o) = 5*o + 20. Let n(f) = c(f) + 6*q(f). Calculate n(-6).
8
Let p(m) = -m**3 - 7*m**2 - m - 4. Let g be 40/12*(-153)/102. What is p(g)?
-49
Let p(h) = -2*h**2 + 2. Let k = 46 + -42. Suppose w + 3*b + k - 14 = 0, 0 = 3*w + 5*b - 14. What is p(w)?
-6
Let n(j) = 4*j**3 - 14*j**2 + 9*j + 8. Let b(t) = -3*t**3 + 13*t**2 - 8*t - 8. Let z(q) = 3*b(q) + 2*n(q). What is z(10)?
32
Let y(x) = 2*x + 2. Let c(a) = 8*a**3 + 8*a + 9. Let q(w) = c(w) - 4*y(w). Determine q(-1).
-7
Let p(n) = -n**3 + 9*n**2 - 6*n - 8. Suppose -192*v + 176*v = -128. What is p(v)?
8
Let f(x) = 9*x**3. Let s be (-24)/(-3*(-4)/(-8)). Suppose 0 = -y + 3*y + 2*k - s, -4*k + 36 = 5*y. Let r = y + -5. Give f(r).
-9
Suppose 7*i - 29 = 6. Let w(u) = u**2 - 2*u - 11. Give w(i).
4
Let k(s) be the first derivative of 0*s**2 + 0*s - 4/3*s**3 + 1 - 1/24*s**4 + 0*s**5 + 1/360*s**6. Let a(y) be the third derivative of k(y). What is a(-3)?
8
Let r(z) = z**2 - 1. Let y(g) = 10*g**2 - g + 5. Let t(q) = 5*r(q) - y(q). Let f(o) = o**2. Let a(x) = -4*f(x) - t(x). Let j = -2 + 2. Determine a(j).
10
Suppose 3*t + 168 = 10*t. Suppose 28 = j + 5*m, 0 = -3*j + 2*j - m + t. Let p = -19 + j. Let k(o) = o**2 - 3*o - 5. Give k(p).
-1
Let c(n) be the first derivative of -2*n**3/3 - 12*n**2 - 2*n - 238. Give c(-12).
-2
Suppose 14 = 2*v - 0*v. Suppose k - v = -0. Suppose -2 = k*g + 12. Let f(a) = -a**2 + 2*a + 3. What is f(g)?
-5
Let j(h) = h**3 + 5*h + 8. Let b be j(-2). Let w(s) = -6*s - 57. Give w(b).
3
Let v(d) be the second derivative of -d**5/20 - 2*d**4/3 + 3*d**3/2 - d**2 - 47*d. Calculate v(-9).
-2
Let w be ((-52)/91)/((-4)/14). Let z(n) = 3*n**3 + w - 258*n - 3 + 258*n. Determine z(1).
2
Let u(z) = z - 4. Let v = 9 + -9. Suppose v = -2*r - r. Suppose 0*l - 2*l = r. What is u(l)?
-4
Let k(p) be the second derivative of -p**5/20 + p**4/2 - 5*p**3/6 + 2*p**2 + 3*p. What is k(5)?
4
Let f(a) be the second derivative of -a**3/3 + 3*a**2 - 33*a. Determine f(5).
-4
Let p(v) = v**2 + 5*v - 2. Suppose 14 + 61 = 5*m. Suppose -q - 6 = 15. Let i = m + q. Give p(i).
4
Let b(h) = h**3 - h**2 - h - 3. Let q(d) = -5*d**3 - d**2 + 24. Let k(p) = 6*b(p) + q(p). Let w(l) = -3*l + 2. Let i be w(-2). Give k(i).
22
Suppose -29*g + 28*g + 10 = 0. Suppose 3*p = -3*h + 12, -2*p + g = 4*h - 10. Let w(k) = 3*k - 7. What is w(h)?
11
Let r(u) be the first derivative of u**2/2 - 13*u - 128. Give r(7).
-6
Let i(k) = -2*k**2. Let a be 3/(-4)*((-32)/(-12))/(-2). Determine i(a).
-2
Let m = 6 + -4. Suppose 3*f = 0, 4*f + 4 = -0*z + m*z. Let s(d) = -5 - 3*d + 0*d + d**z - d. Give s(6).
7
Let m = -20 + 16. Let o(x) = -x - 3. Let v(g) = g + 1. Let q(n) = m*o(n) - 7*v(n). What is q(5)?
-10
Let p(n) be the second derivative of 5*n + 1/2*n**2 + 0 - n**3. Calculate p(-1).
7
Let u(s) = -s**3 + 6*s**2 - s. Suppose 0 = 10*q - 3684 + 3624. Calculate u(q).
-6
Let z(s) = 12*s + 6*s + 4 - 16*s. Give z(4).
12
Let h(l) = l**3 - 3*l**2 + l - 2. Let b = -116 - -118. Let p be 0 + 2 - (0 + b + -3). Determine h(p).
1
Suppose 4*n = 4*u - u + 49, -4*n - 3*u + 79 = 0. Let g(p) = -20 - n + 37. Let d(a) = 3*a - 9. Let s(h) = -d(h) - 5*g(h). Calculate s(-3).
13
Let l = 4 + -2. Let w(p) = -p**3 + 2*p + 5*p + 0*p**2 - 4*p + 3*p**l + 4. Suppose -4*q = -5*b + 9, -40 - 1 = -4*q - 5*b. What is w(q)?
0
Let x = 25 + -30. Let v(g) = g**2 + 4*g - 3. Let t be v(x). Let h(n) = -7*n**2 + n**3 - 1 + 3*n**2 - 1 - t. What is h(4)?
-4
Let f(v) = 4*v**3 + 2*v**2 - v - 2. Let w be (-4)/18 - 49/63. Give f(w).
-3
Let r(x) = -5*x**2 - 5*x - 4. Let b(i) = -6*i**2 - 6*i - 3. Let p(w) = 6*b(w) - 7*r(w). What is p(0)?
10
Let b(m) = -3*m**2 + m - 2. Let o(g) = -7*g**2 + 3*g - 4. Suppose 14*s = 8*s - 12. Let d(u) = s*o(u) + 5*b(u). Calculate d(-2).
-4
Let m(g) = 2*g**2 - 2*g - 6. Let k be m(0). Let i(p) = -p**2 - 5*p + 5. Determine i(k).
-1
Suppose -y + 1 = -2*h, -2*h - 4*h = -4*y + 8. Let q(x) = -17*x**2 + 2*x. Give q(h).
-64
Suppose -25 = -0*i + 5*i. Let m(p) = 6*p + 7 - 2*p - p**2 - 8*p. What is m(i)?
2
Let x(h) = 2*h**3 - 2*h**2 + 3*h - 2. Let f(n) = -n**3 - n + 1. Let q(k) = -3*f(k) - x(k). Suppose -d + 2*b + 7 = 4*b, -6 = 3*d - 3*b. Give q(d).
2
Let z(s) = 3*s**2 + 381*s - 4*s**3 - 194*s - 183*s + 3*s**3 - 1. Give z(3).
11
Let t(o) = -4*o - 9. Suppose 7*s - s - 18 = 0. Suppose -2*v - 17 = s*g + 7, -4*g - 46 = 5*v. Give t(v).
15
Let f be (-8)/3 + 4/6. Let m be f + (-2)/(4/(-6)). Let h(x) = 4*x - 7*x - 1 + 1. Calculate h(m).
-3
Let u(a) = a - 2. Suppose 5*m - 7*b = -3*b - 24, -2*m - 3*b = 5. Calculate u(m).
-6
Let d(y) = 2*y + 5. Suppose a = -1 - 2. Let c(w) = -w - 3. Let m be c(a). Let h be d(m). Let u(z) = -z + 3. Calculate u(h).
-2
Let y(h) = -h - 4. Let v be y(13). Let x = v + 28. Let j(n) = x*n - n - 4*n - 5 - 5*n. Determine j(5).
0
Let q = -5 - -3. Let x(o) = -3 + o**3 + 10 + 10*o - 5*o**3 + 9*o**2. Let b(r) = 3*r**3 - 6*r**2 - 7*r - 5. Let n(z) = -7*b(z) - 5*x(z). Calculate n(q).
-2
Let f(l) = 11*l + 21. Let r(y) = 5*y + 10. Suppose -t - k - 8 = 2*t, -36 = 4*t - 5*k. Let m(u) = 